{"id":12155,"date":"2025-10-11T18:10:02","date_gmt":"2025-10-11T18:10:02","guid":{"rendered":"https:\/\/rdbella.fr\/?product=foulard-express-en-beige-sable"},"modified":"2025-10-11T18:10:04","modified_gmt":"2025-10-11T18:10:04","slug":"foulard-express-en-beige-sable","status":"publish","type":"product","link":"https:\/\/rdbella.fr\/?product=foulard-express-en-beige-sable","title":{"rendered":"Foulard express en beige sabl\u00e8"},"content":{"rendered":"<p>Avantage de foulard :<\/p>\n<p>\u0623\u0648\u0644 \u062d\u0627\u062c\u0629 \u0642\u0645\u0627\u0634\u0648 \u062f\u062e\u0644\u0646\u0627\u0647 \u0644\u0644\u062c\u0632\u0627\u0626\u0631 \u064a\u0639\u0646\u064a \u0627\u0644\u0646\u0648\u0639\u064a\u0629 \u0647\u0627\u062f\u064a \u062f\u062e\u064a\u0644\u0629 \u0639\u0644\u0649 \u0627\u0644\u0623\u0633\u0648\u0627\u0642 \u0627\u0644\u062c\u0632\u0627\u0626\u0631\u064a\u0629 \u0648 \u0627\u062e\u062a\u0631\u0646\u0627\u0647\u0627 \u0628\u0639\u062f \u062f\u0631\u0627\u0633\u0629 \u0645\u0639\u0645\u0642\u0629 \u0644\u0644\u0633\u0648\u0642 \u0648 \u0627\u0644\u0645\u0634\u0627\u0643\u0644 \u0644\u064a \u0646\u0644\u0642\u0627\u0648\u0647\u0645 \u0641 \u0627\u0644\u062e\u064a\u0645\u0627\u0631\u0627\u062a ( \u0627\u0644\u062a\u062d\u0628\u0627\u0628 \u060c \u064a\u062c\u0639\u062f \u0628\u062e\u0633\u0631 \u0642\u0645\u0627\u0634\u0648 &#8230; ) \u0647\u0627\u062f \u0627\u0644\u0642\u0645\u0627\u0634 \u0628\u062a\u0645\u064a\u0632 \u0628\u0623\u0644\u0648\u0627\u0646\u0648<\/p>\n<p>\u062b\u0627\u0646\u064a\u0627 \u0646\u0648\u0639\u064a\u0629 \u062a\u0627\u0639\u0648 \u0644\u064a \u0631\u0627\u0647\u064a \u062a\u0628\u0627\u0646 \u0645\u0646 \u0627\u0644\u0635\u0648\u0631 \u060c \u0645\u0627 \u064a\u062a\u062d\u0628\u0628\u0634 \u0645\u0627 \u064a\u062a\u0641\u0644\u0641\u0644 \u0648 \u064a\u062f\u0648\u0645 \u0644\u0645\u062f\u0629 \u0637\u0648\u064a\u0644\u0629<\/p>\n<p>\u062b\u0627\u0644\u062b \u062d\u0627\u062c\u0629 \u062d\u0627\u062c\u0629 \u0627\u0644\u062e\u064a\u0645\u0627\u0631 \u0647\u062f\u0627 \u0639\u0645\u0644\u064a \u0648 \u062a\u0642\u062f\u0631\u064a \u062f\u064a\u0631\u064a\u0647 \u0628\u0637\u0631\u0642 \u0645\u062e\u062a\u0644\u0641\u0629 \u0628\u0644\u0627 \u0645\u062a\u0639\u062a\u0645\u062f\u064a \u0639\u0644\u0649 \u0627\u0644\u0645\u0633\u0627\u0633\u0643 \u0648 \u064a\u062e\u0633\u0631\u0648\u0627\u0643 \u062e\u064a\u0645\u0627\u0631\u0643 \u0648 \u064a\u0642\u062f\u0631\u0648 \u062d\u062a\u0649 \u064a\u0643\u062d\u0644\u0648\u0644\u0643 \u0631\u0642\u0628\u062a\u0643<\/p>\n<p>\u0631\u0627\u0628\u0639 \u062d\u0627\u062c\u0629 \u0645\u064a\u0632\u0644\u0642\u0634 \u064a\u0628\u0642\u0627 \u0639\u0644\u0649 \u062d\u0627\u0644\u0648 \u0646\u0647\u0627\u0631 \u0643\u0627\u0645\u0644<\/p>\n<p>\u062e\u0627\u0645\u0633 \u062d\u0627\u062c\u0629 \u064a\u062c\u064a \u0644\u0627\u0633\u0642 \u0641\u064a\u0647 \u0627\u0644\u0628\u0648\u0646\u062f\u0648 \u062a\u0627\u0639\u0648 \u0648 \u0644\u064a \u064a\u062c\u064a \u0646\u0641\u0633 \u0627\u0644\u0644\u0648\u0646 \u0645\u0639 \u0627\u0644\u0641\u0648\u0644\u0627\u0631 \u064a\u0639\u0646\u064a \u0645\u0627 \u062a\u062d\u062a\u0627\u062c\u064a\u0634 \u062a\u062d\u0648\u0633\u064a \u0639\u0644\u0649 \u0644\u0648\u0646 \u0644\u064a \u064a\u0637\u0627\u0628\u0642 \u0627\u0644\u0641\u0648\u0644\u0627\u0631 \u062a\u0627\u0639\u0643 \u0648 \u0644\u0627 \u062d\u062a\u0649 \u064a\u062a\u0648\u062f\u0631\u0644\u0643<\/p>\n<p>\u0648 \u064a\u062c\u064a \u062a\u0627\u0646\u064a play \u064a\u0634\u062f\u0644\u0643 \u0634\u0639\u0631\u0643 \u0628\u0644\u0627 \u0645\u0627\u064a\u062f\u0631\u064a \u0634\u0648\u0634\u0648 volume \u0628\u0627\u0633\u0643\u0648 \u0647\u0648 \u0623\u0635\u0644\u0627 \u064a\u062f\u064a\u0631 volume<\/p>\n<p>Tissu double large :<\/p>\n<p>\u064a\u0639\u0646\u064a \u0639\u0631\u064a\u0636 \u0648 \u064a\u063a\u0637\u064a\u0644\u0643 \u0645\u0644\u064a\u062d \u0634\u0639\u0631\u0643 \u0648 \u0631\u0642\u0628\u062a\u0643 \u0648 \u062d\u062a\u0649 \u0635\u062f\u0631\u0643<\/p>\n<p>\u0648 \u0645\u0627\u064a\u062c\u064a\u0643\u0634 \u0645\u0639\u0628\u0646<\/p>\n<h1 class=\"zds-title-m zrc-size-guide-header__title\"><span style=\"--form-field-gap: 8px;border: 0px;font-style: inherit;font-weight: inherit;line-height: inherit;font-family: inherit;font-size: 13px;margin: 0px;padding: 0px;vertical-align: baseline\">DIMENSIONS DU PRODUIT<\/span><\/h1>\n<p class=\"zds-body-m zrc-size-guide-header__subtitle\">Les mesures peuvent pr\u00e9senter de petites diff\u00e9rences en raison du processus de production. Le v\u00eatement est mesur\u00e9 \u00e0 plat<\/p>\n","protected":false},"excerpt":{"rendered":"<p>Avantage de foulard : \u0623\u0648\u0644 \u062d\u0627\u062c\u0629 \u0642\u0645\u0627\u0634\u0648 \u062f\u062e\u0644\u0646\u0627\u0647 \u0644\u0644\u062c\u0632\u0627\u0626\u0631 \u064a\u0639\u0646\u064a \u0627\u0644\u0646\u0648\u0639\u064a\u0629 \u0647\u0627\u062f\u064a \u062f\u062e\u064a\u0644\u0629 \u0639\u0644\u0649 \u0627\u0644\u0623\u0633\u0648\u0627\u0642 \u0627\u0644\u062c\u0632\u0627\u0626\u0631\u064a\u0629 \u0648 \u0627\u062e\u062a\u0631\u0646\u0627\u0647\u0627 \u0628\u0639\u062f \u062f\u0631\u0627\u0633\u0629 \u0645\u0639\u0645\u0642\u0629 \u0644\u0644\u0633\u0648\u0642 \u0648 \u0627\u0644\u0645\u0634\u0627\u0643\u0644 \u0644\u064a \u0646\u0644\u0642\u0627\u0648\u0647\u0645 \u0641 \u0627\u0644\u062e\u064a\u0645\u0627\u0631\u0627\u062a ( \u0627\u0644\u062a\u062d\u0628\u0627\u0628 \u060c \u064a\u062c\u0639\u062f \u0628\u062e\u0633\u0631 \u0642\u0645\u0627\u0634\u0648 &#8230; ) \u0647\u0627\u062f \u0627\u0644\u0642\u0645\u0627\u0634 \u0628\u062a\u0645\u064a\u0632 \u0628\u0623\u0644\u0648\u0627\u0646\u0648 \u062b\u0627\u0646\u064a\u0627 \u0646\u0648\u0639\u064a\u0629 \u062a\u0627\u0639\u0648 \u0644\u064a \u0631\u0627\u0647\u064a \u062a\u0628\u0627\u0646 \u0645\u0646 \u0627\u0644\u0635\u0648\u0631 \u060c \u0645\u0627 \u064a\u062a\u062d\u0628\u0628\u0634 \u0645\u0627 \u064a\u062a\u0641\u0644\u0641\u0644 \u0648 \u064a\u062f\u0648\u0645 [&#8230;]\n","protected":false},"featured_media":12154,"comment_status":"open","ping_status":"closed","template":"","meta":[],"product_brand":[],"product_cat":[186],"product_tag":[],"class_list":{"0":"post-12155","1":"product","2":"type-product","3":"status-publish","4":"has-post-thumbnail","6":"product_cat-turban-foulard","8":"first","9":"instock","10":"shipping-taxable","11":"purchasable","12":"product-type-simple"},"jetpack_sharing_enabled":true,"_links":{"self":[{"href":"https:\/\/rdbella.fr\/index.php?rest_route=\/wp\/v2\/product\/12155","targetHints":{"allow":["GET"]}}],"collection":[{"href":"https:\/\/rdbella.fr\/index.php?rest_route=\/wp\/v2\/product"}],"about":[{"href":"https:\/\/rdbella.fr\/index.php?rest_route=\/wp\/v2\/types\/product"}],"replies":[{"embeddable":true,"href":"https:\/\/rdbella.fr\/index.php?rest_route=%2Fwp%2Fv2%2Fcomments&post=12155"}],"wp:featuredmedia":[{"embeddable":true,"href":"https:\/\/rdbella.fr\/index.php?rest_route=\/wp\/v2\/media\/12154"}],"wp:attachment":[{"href":"https:\/\/rdbella.fr\/index.php?rest_route=%2Fwp%2Fv2%2Fmedia&parent=12155"}],"wp:term":[{"taxonomy":"product_brand","embeddable":true,"href":"https:\/\/rdbella.fr\/index.php?rest_route=%2Fwp%2Fv2%2Fproduct_brand&post=12155"},{"taxonomy":"product_cat","embeddable":true,"href":"https:\/\/rdbella.fr\/index.php?rest_route=%2Fwp%2Fv2%2Fproduct_cat&post=12155"},{"taxonomy":"product_tag","embeddable":true,"href":"https:\/\/rdbella.fr\/index.php?rest_route=%2Fwp%2Fv2%2Fproduct_tag&post=12155"}],"curies":[{"name":"wp","href":"https:\/\/api.w.org\/{rel}","templated":true}]}}