{"id":12294,"date":"2025-11-03T18:16:55","date_gmt":"2025-11-03T18:16:55","guid":{"rendered":"https:\/\/rdbella.fr\/?post_type=product&#038;p=12294"},"modified":"2025-11-03T22:18:34","modified_gmt":"2025-11-03T22:18:34","slug":"robe-hijab-skai-en-noir","status":"publish","type":"product","link":"https:\/\/rdbella.fr\/?product=robe-hijab-skai-en-noir","title":{"rendered":"Robe hijab Ska\u00ef en noir"},"content":{"rendered":"<p>La robe compos\u00e9 de deux tissu important pour l\u2019hiver<br \/>\n\u00e9vas\u00e9 , ceinture qui marque la taille ,<\/p>\n<p>fetmiture \u00e9claire sur le dos<\/p>\n<p>La longueur 140 cm<\/p>\n<p>mannequin taille 40 port\u00e9 taille 1<\/p>\n<p>taille 1 :<\/p>\n<p>tour de poitrine : 50<\/p>\n<p>Tour de taille : 44<\/p>\n<p>longuet 140<\/p>\n<p>Taille 2<\/p>\n<p>tour de poitrine : 60<\/p>\n<p>tour de taille 52<\/p>\n<p>longueur 140<\/p>\n","protected":false},"excerpt":{"rendered":"<p>La robe compos\u00e9 de deux tissu important pour l\u2019hiver \u00e9vas\u00e9 , ceinture qui marque la taille , fetmiture \u00e9claire sur le dos La longueur 140 cm mannequin taille 40 port\u00e9 taille 1 taille 1 : tour de poitrine : 50 Tour de taille : 44 longuet 140 Taille 2 tour de poitrine : 60 tour [&#8230;]\n","protected":false},"featured_media":12295,"comment_status":"open","ping_status":"closed","template":"","meta":[],"product_brand":[],"product_cat":[28,65],"product_tag":[],"class_list":{"0":"post-12294","1":"product","2":"type-product","3":"status-publish","4":"has-post-thumbnail","6":"product_cat-pre-a-porter","7":"product_cat-robe","9":"first","10":"instock","11":"shipping-taxable","12":"purchasable","13":"product-type-variable"},"jetpack_sharing_enabled":true,"_links":{"self":[{"href":"https:\/\/rdbella.fr\/index.php?rest_route=\/wp\/v2\/product\/12294","targetHints":{"allow":["GET"]}}],"collection":[{"href":"https:\/\/rdbella.fr\/index.php?rest_route=\/wp\/v2\/product"}],"about":[{"href":"https:\/\/rdbella.fr\/index.php?rest_route=\/wp\/v2\/types\/product"}],"replies":[{"embeddable":true,"href":"https:\/\/rdbella.fr\/index.php?rest_route=%2Fwp%2Fv2%2Fcomments&post=12294"}],"wp:featuredmedia":[{"embeddable":true,"href":"https:\/\/rdbella.fr\/index.php?rest_route=\/wp\/v2\/media\/12295"}],"wp:attachment":[{"href":"https:\/\/rdbella.fr\/index.php?rest_route=%2Fwp%2Fv2%2Fmedia&parent=12294"}],"wp:term":[{"taxonomy":"product_brand","embeddable":true,"href":"https:\/\/rdbella.fr\/index.php?rest_route=%2Fwp%2Fv2%2Fproduct_brand&post=12294"},{"taxonomy":"product_cat","embeddable":true,"href":"https:\/\/rdbella.fr\/index.php?rest_route=%2Fwp%2Fv2%2Fproduct_cat&post=12294"},{"taxonomy":"product_tag","embeddable":true,"href":"https:\/\/rdbella.fr\/index.php?rest_route=%2Fwp%2Fv2%2Fproduct_tag&post=12294"}],"curies":[{"name":"wp","href":"https:\/\/api.w.org\/{rel}","templated":true}]}}