{"id":12598,"date":"2025-11-30T17:44:40","date_gmt":"2025-11-30T17:44:40","guid":{"rendered":"https:\/\/rdbella.fr\/?post_type=product&#038;p=12598"},"modified":"2026-02-18T20:02:24","modified_gmt":"2026-02-18T20:02:24","slug":"pantalon-carre-pour-hiver-vert-bouteille","status":"publish","type":"product","link":"https:\/\/rdbella.fr\/?product=pantalon-carre-pour-hiver-vert-bouteille","title":{"rendered":"Pantalon carr\u00e9 pour hiver vert bouteille"},"content":{"rendered":"<p>Pantalon taille haute , tissu d\u2019hiver avec \u00e9lastique tr\u00e8s confortable , model carr\u00e9 ytih 3la les chaussures<\/p>\n<p>taille standard Ylabss tr\u00e8s bien m\u00eame les grand tailles<\/p>\n<p>\u0627\u0644\u062d\u0627\u062c\u0629 \u0627\u0644\u0634\u0627\u0628\u0629 \u0641\u064a\u0647 \u0644\u0644\u0642\u062f\u0627\u0645 \u064a\u062c\u064a\u0632 \u00a0\u0645\u0633\u0637\u062d\u0629 \u0645\u0627\u0634\u064a \u0645\u0643\u0645\u0634<\/p>\n<p>noir , bordeau , bleu , marron<\/p>\n","protected":false},"excerpt":{"rendered":"<p>Pantalon taille haute , tissu d\u2019hiver avec \u00e9lastique tr\u00e8s confortable , model carr\u00e9 ytih 3la les chaussures taille standard Ylabss tr\u00e8s bien m\u00eame les grand tailles \u0627\u0644\u062d\u0627\u062c\u0629 \u0627\u0644\u0634\u0627\u0628\u0629 \u0641\u064a\u0647 \u0644\u0644\u0642\u062f\u0627\u0645 \u064a\u062c\u064a\u0632 \u00a0\u0645\u0633\u0637\u062d\u0629 \u0645\u0627\u0634\u064a \u0645\u0643\u0645\u0634 noir , bordeau , bleu , marron<\/p>\n","protected":false},"featured_media":12599,"comment_status":"open","ping_status":"closed","template":"","meta":[],"product_brand":[],"product_cat":[62,28],"product_tag":[],"class_list":{"0":"post-12598","1":"product","2":"type-product","3":"status-publish","4":"has-post-thumbnail","6":"product_cat-pantalon","7":"product_cat-pre-a-porter","9":"first","10":"outofstock","11":"sale","12":"shipping-taxable","13":"purchasable","14":"product-type-simple"},"jetpack_sharing_enabled":true,"_links":{"self":[{"href":"https:\/\/rdbella.fr\/index.php?rest_route=\/wp\/v2\/product\/12598","targetHints":{"allow":["GET"]}}],"collection":[{"href":"https:\/\/rdbella.fr\/index.php?rest_route=\/wp\/v2\/product"}],"about":[{"href":"https:\/\/rdbella.fr\/index.php?rest_route=\/wp\/v2\/types\/product"}],"replies":[{"embeddable":true,"href":"https:\/\/rdbella.fr\/index.php?rest_route=%2Fwp%2Fv2%2Fcomments&post=12598"}],"wp:featuredmedia":[{"embeddable":true,"href":"https:\/\/rdbella.fr\/index.php?rest_route=\/wp\/v2\/media\/12599"}],"wp:attachment":[{"href":"https:\/\/rdbella.fr\/index.php?rest_route=%2Fwp%2Fv2%2Fmedia&parent=12598"}],"wp:term":[{"taxonomy":"product_brand","embeddable":true,"href":"https:\/\/rdbella.fr\/index.php?rest_route=%2Fwp%2Fv2%2Fproduct_brand&post=12598"},{"taxonomy":"product_cat","embeddable":true,"href":"https:\/\/rdbella.fr\/index.php?rest_route=%2Fwp%2Fv2%2Fproduct_cat&post=12598"},{"taxonomy":"product_tag","embeddable":true,"href":"https:\/\/rdbella.fr\/index.php?rest_route=%2Fwp%2Fv2%2Fproduct_tag&post=12598"}],"curies":[{"name":"wp","href":"https:\/\/api.w.org\/{rel}","templated":true}]}}