{"id":13186,"date":"2026-02-07T15:46:07","date_gmt":"2026-02-07T15:46:07","guid":{"rendered":"https:\/\/rdbella.fr\/?post_type=product&#038;p=13186"},"modified":"2026-03-15T01:18:50","modified_gmt":"2026-03-15T01:18:50","slug":"abaya-robe-plisse-rose-poudre-2-2","status":"publish","type":"product","link":"https:\/\/rdbella.fr\/?product=abaya-robe-plisse-rose-poudre-2-2","title":{"rendered":"ROBE PLISS\u00c9 MARRON"},"content":{"rendered":"<p>\u0639\u0628\u0627\u064a\u0627 \u0631\u0648\u0628 \u0628\u0644\u064a\u0633\u064a \u0639\u0644\u0627\u0647 \u0627\u0633\u0645\u0647\u0627 \u0647\u0643\u062f\u0627 \u0644\u0627\u0646\u0648 \u062a\u062a\u0644\u0628\u0633 \u0628\u0637\u0631\u064a\u0642\u062a\u064a\u0646 \u0641\u0627\u0644\u062e\u0627\u0631\u062c \u0639\u0628\u0627\u064a\u0627 \u0648 \u0641\u064a \u0627\u0644\u062f\u0627\u062e\u0644 \u0631\u0648\u0628<\/p>\n<p>2en1<\/p>\n<p>\u0627\u0644\u0645\u0632\u0627\u064a\u0627 \u0644\u064a \u0641\u064a\u0647\u0627<\/p>\n<h1>\u0642\u0645\u0627\u0634\u0647\u0627 \u062e\u0641\u064a\u0641<\/h1>\n<h2>\u0641\u064a\u0647\u0627 doublure \u064a\u0639\u0646\u064a \u062a\u0645\u0634\u064a \u0628\u0631\u0627\u062d\u062a\u0643 ( \u062d\u062a\u0649 \u0641 \u0627\u0644\u064a\u062f\u064a\u0646 \u0648 \u0641\u064a\u0647\u0627 )<\/h2>\n<h3>\u0637\u0648\u064a\u0644\u0629<\/h3>\n<h3>\u062a\u0648\u0627\u0644\u0645 \u0643\u0627\u0645\u0644 \u0644\u064a\u0637\u0627\u064a<\/h3>\n<h2>\u0641\u064a\u0647\u0627 les \u00e9paulettes \u0644\u064a \u064a\u0632\u064a\u062f \u0641 \u0627\u0644\u062d\u0627\u062c\u0629 \u0627\u0644\u0646\u0635 \u0644\u0627\u0646\u0648 \u0644\u0643\u062a\u0627\u0641 \u0647\u0645\u0627 \u0627\u0644\u0635\u062d<\/h2>\n<h4>\u0641\u064a\u0647\u0627 \u062b\u0644\u0627\u062b\u0629 \u0627\u0644\u0648\u0627\u0646<\/h4>\n<p>Noir , rose poudr\u00e9 , marron<\/p>\n<p>Mannequin : 1m70 porte les tallons<\/p>\n<p>D\u00e9tails &amp; Avantages<\/p>\n<p>Manches larges pour une allure fluide et \u00e9l\u00e9gante<\/p>\n<p>Avec doublure int\u00e9gr\u00e9e pour un confort optimal<\/p>\n<p>\u00c9paulettes discr\u00e8tes pour une structure raffin\u00e9e<\/p>\n<p>Non transparente, id\u00e9ale pour un port\u00e9 en toute confiance<\/p>\n<p>D\u00e9coupe soign\u00e9e offrant un tomb\u00e9 harmonieux<\/p>\n<p>Longueur maxi adapt\u00e9e \u00e0 une silhouette \u00e9lanc\u00e9e<\/p>\n<p>Largeur confortable convenant \u00e0 diff\u00e9rentes morphologies<\/p>\n<p>Tissu pliss\u00e9 fluide, l\u00e9ger et agr\u00e9able au porter<\/p>\n","protected":false},"excerpt":{"rendered":"<p>\u0639\u0628\u0627\u064a\u0627 \u0631\u0648\u0628 \u0628\u0644\u064a\u0633\u064a \u0639\u0644\u0627\u0647 \u0627\u0633\u0645\u0647\u0627 \u0647\u0643\u062f\u0627 \u0644\u0627\u0646\u0648 \u062a\u062a\u0644\u0628\u0633 \u0628\u0637\u0631\u064a\u0642\u062a\u064a\u0646 \u0641\u0627\u0644\u062e\u0627\u0631\u062c \u0639\u0628\u0627\u064a\u0627 \u0648 \u0641\u064a \u0627\u0644\u062f\u0627\u062e\u0644 \u0631\u0648\u0628 2en1 \u0627\u0644\u0645\u0632\u0627\u064a\u0627 \u0644\u064a \u0641\u064a\u0647\u0627 \u0642\u0645\u0627\u0634\u0647\u0627 \u062e\u0641\u064a\u0641 \u0641\u064a\u0647\u0627 doublure \u064a\u0639\u0646\u064a \u062a\u0645\u0634\u064a \u0628\u0631\u0627\u062d\u062a\u0643 ( \u062d\u062a\u0649 \u0641 \u0627\u0644\u064a\u062f\u064a\u0646 \u0648 \u0641\u064a\u0647\u0627 ) \u0637\u0648\u064a\u0644\u0629 \u062a\u0648\u0627\u0644\u0645 \u0643\u0627\u0645\u0644 \u0644\u064a\u0637\u0627\u064a \u0641\u064a\u0647\u0627 les \u00e9paulettes \u0644\u064a \u064a\u0632\u064a\u062f \u0641 \u0627\u0644\u062d\u0627\u062c\u0629 \u0627\u0644\u0646\u0635 \u0644\u0627\u0646\u0648 \u0644\u0643\u062a\u0627\u0641 \u0647\u0645\u0627 \u0627\u0644\u0635\u062d \u0641\u064a\u0647\u0627 \u062b\u0644\u0627\u062b\u0629 \u0627\u0644\u0648\u0627\u0646 Noir , rose [&#8230;]\n","protected":false},"featured_media":13199,"comment_status":"open","ping_status":"closed","template":"","meta":[],"product_brand":[],"product_cat":[112],"product_tag":[],"class_list":{"0":"post-13186","1":"product","2":"type-product","3":"status-publish","4":"has-post-thumbnail","6":"product_cat-hijab-abaya","8":"first","9":"outofstock","10":"shipping-taxable","11":"purchasable","12":"product-type-simple"},"jetpack_sharing_enabled":true,"_links":{"self":[{"href":"https:\/\/rdbella.fr\/index.php?rest_route=\/wp\/v2\/product\/13186","targetHints":{"allow":["GET"]}}],"collection":[{"href":"https:\/\/rdbella.fr\/index.php?rest_route=\/wp\/v2\/product"}],"about":[{"href":"https:\/\/rdbella.fr\/index.php?rest_route=\/wp\/v2\/types\/product"}],"replies":[{"embeddable":true,"href":"https:\/\/rdbella.fr\/index.php?rest_route=%2Fwp%2Fv2%2Fcomments&post=13186"}],"wp:featuredmedia":[{"embeddable":true,"href":"https:\/\/rdbella.fr\/index.php?rest_route=\/wp\/v2\/media\/13199"}],"wp:attachment":[{"href":"https:\/\/rdbella.fr\/index.php?rest_route=%2Fwp%2Fv2%2Fmedia&parent=13186"}],"wp:term":[{"taxonomy":"product_brand","embeddable":true,"href":"https:\/\/rdbella.fr\/index.php?rest_route=%2Fwp%2Fv2%2Fproduct_brand&post=13186"},{"taxonomy":"product_cat","embeddable":true,"href":"https:\/\/rdbella.fr\/index.php?rest_route=%2Fwp%2Fv2%2Fproduct_cat&post=13186"},{"taxonomy":"product_tag","embeddable":true,"href":"https:\/\/rdbella.fr\/index.php?rest_route=%2Fwp%2Fv2%2Fproduct_tag&post=13186"}],"curies":[{"name":"wp","href":"https:\/\/api.w.org\/{rel}","templated":true}]}}