{"id":13229,"date":"2026-02-10T17:44:17","date_gmt":"2026-02-10T17:44:17","guid":{"rendered":"https:\/\/rdbella.fr\/?product=abaya-plisee-bleu-foulard-marron-un-sac-offert"},"modified":"2026-03-08T16:39:45","modified_gmt":"2026-03-08T16:39:45","slug":"abaya-plisee-bleu-foulard-marron-un-sac-offert","status":"publish","type":"product","link":"https:\/\/rdbella.fr\/?product=abaya-plisee-bleu-foulard-marron-un-sac-offert","title":{"rendered":"ABAYA PLISEE BLEU  foulard  un sac offert"},"content":{"rendered":"<p>Abaya pliss\u00e9 avec un foulard ( un sac bandouli\u00e8re offert \ud83c\udf81<\/p>\n<ol>Abaya le devant est pliss\u00e9<\/ol>\n<ol>\u00c9paule bien gonfl\u00e9<\/ol>\n<ol>\n<li>Manche large avec un d\u00e9tail<\/li>\n<\/ol>\n<ol>\n<li>Bouton pression<\/li>\n<li>Un foulard en cr\u00eape<\/li>\n<\/ol>\n<ol>\n<li>D\u00e9coupe large et confortable ( maxi )<\/li>\n<li>Une d\u00e9coupe qui va toutes les tailles<\/li>\n<li>Longue<\/li>\n<li>Un sac \ud83c\udf81 bandouli\u00e8re offert<\/li>\n<\/ol>\n<p>Disponible en 7 couleur \u2705<\/p>\n<p>Mannequin 1m70<\/p>\n<p>Abaya 1m45<\/p>\n","protected":false},"excerpt":{"rendered":"<p>Abaya pliss\u00e9 avec un foulard ( un sac bandouli\u00e8re offert \ud83c\udf81 Abaya le devant est pliss\u00e9 \u00c9paule bien gonfl\u00e9 Manche large avec un d\u00e9tail Bouton pression Un foulard en cr\u00eape D\u00e9coupe large et confortable ( maxi ) Une d\u00e9coupe qui va toutes les tailles Longue Un sac \ud83c\udf81 bandouli\u00e8re offert Disponible en 7 couleur \u2705 [&#8230;]\n","protected":false},"featured_media":13224,"comment_status":"open","ping_status":"closed","template":"","meta":[],"product_brand":[],"product_cat":[112],"product_tag":[],"class_list":{"0":"post-13229","1":"product","2":"type-product","3":"status-publish","4":"has-post-thumbnail","6":"product_cat-hijab-abaya","8":"first","9":"outofstock","10":"shipping-taxable","11":"purchasable","12":"product-type-simple"},"jetpack_sharing_enabled":true,"_links":{"self":[{"href":"https:\/\/rdbella.fr\/index.php?rest_route=\/wp\/v2\/product\/13229","targetHints":{"allow":["GET"]}}],"collection":[{"href":"https:\/\/rdbella.fr\/index.php?rest_route=\/wp\/v2\/product"}],"about":[{"href":"https:\/\/rdbella.fr\/index.php?rest_route=\/wp\/v2\/types\/product"}],"replies":[{"embeddable":true,"href":"https:\/\/rdbella.fr\/index.php?rest_route=%2Fwp%2Fv2%2Fcomments&post=13229"}],"wp:featuredmedia":[{"embeddable":true,"href":"https:\/\/rdbella.fr\/index.php?rest_route=\/wp\/v2\/media\/13224"}],"wp:attachment":[{"href":"https:\/\/rdbella.fr\/index.php?rest_route=%2Fwp%2Fv2%2Fmedia&parent=13229"}],"wp:term":[{"taxonomy":"product_brand","embeddable":true,"href":"https:\/\/rdbella.fr\/index.php?rest_route=%2Fwp%2Fv2%2Fproduct_brand&post=13229"},{"taxonomy":"product_cat","embeddable":true,"href":"https:\/\/rdbella.fr\/index.php?rest_route=%2Fwp%2Fv2%2Fproduct_cat&post=13229"},{"taxonomy":"product_tag","embeddable":true,"href":"https:\/\/rdbella.fr\/index.php?rest_route=%2Fwp%2Fv2%2Fproduct_tag&post=13229"}],"curies":[{"name":"wp","href":"https:\/\/api.w.org\/{rel}","templated":true}]}}