{"id":6550,"date":"2023-03-12T17:03:11","date_gmt":"2023-03-12T17:03:11","guid":{"rendered":"https:\/\/rdbella.fr\/?post_type=product&#038;p=6550"},"modified":"2023-04-11T18:22:20","modified_gmt":"2023-04-11T18:22:20","slug":"ensemble-arwa-couleur-top-a-motif","status":"publish","type":"product","link":"https:\/\/rdbella.fr\/?product=ensemble-arwa-couleur-top-a-motif","title":{"rendered":"Ensemble arwa couleur top \u00e0 motif"},"content":{"rendered":"<p>Ensemble id\u00e9al pour tout vos \u00e9v\u00e9nements ( acte de mariage , soutenance , boulot ..) m\u00eame style d\u00e9contract\u00e9<\/p>\n<p><strong>\u00a0 \u00a0 \u00a0mannequin porte taille 1 ( 1m70 )\u00a0<\/strong><\/p>\n<p>le haut carr\u00e9 en taille standard \u00a0qui convient \u00e0 toute les tailles , un empi\u00e8cement au niveau des manches<\/p>\n<p>pantalon carr\u00e9 taille haute disponible en deux taille medieum , large<\/p>\n<p>tissu : tr\u00e8s l\u00e9ger , ne se froisse pas<\/p>\n","protected":false},"excerpt":{"rendered":"<p>Ensemble id\u00e9al pour tout vos \u00e9v\u00e9nements ( acte de mariage , soutenance , boulot ..) m\u00eame style d\u00e9contract\u00e9 \u00a0 \u00a0 \u00a0mannequin porte taille 1 ( 1m70 )\u00a0 le haut carr\u00e9 en taille standard \u00a0qui convient \u00e0 toute les tailles , un empi\u00e8cement au niveau des manches pantalon carr\u00e9 taille haute disponible en deux taille medieum [&#8230;]\n","protected":false},"featured_media":6552,"comment_status":"open","ping_status":"closed","template":"","meta":[],"product_brand":[],"product_cat":[108,28],"product_tag":[],"class_list":{"0":"post-6550","1":"product","2":"type-product","3":"status-publish","4":"has-post-thumbnail","6":"product_cat-ensemble","7":"product_cat-pre-a-porter","9":"first","10":"instock","11":"shipping-taxable","12":"purchasable","13":"product-type-variable"},"jetpack_sharing_enabled":true,"_links":{"self":[{"href":"https:\/\/rdbella.fr\/index.php?rest_route=\/wp\/v2\/product\/6550","targetHints":{"allow":["GET"]}}],"collection":[{"href":"https:\/\/rdbella.fr\/index.php?rest_route=\/wp\/v2\/product"}],"about":[{"href":"https:\/\/rdbella.fr\/index.php?rest_route=\/wp\/v2\/types\/product"}],"replies":[{"embeddable":true,"href":"https:\/\/rdbella.fr\/index.php?rest_route=%2Fwp%2Fv2%2Fcomments&post=6550"}],"wp:featuredmedia":[{"embeddable":true,"href":"https:\/\/rdbella.fr\/index.php?rest_route=\/wp\/v2\/media\/6552"}],"wp:attachment":[{"href":"https:\/\/rdbella.fr\/index.php?rest_route=%2Fwp%2Fv2%2Fmedia&parent=6550"}],"wp:term":[{"taxonomy":"product_brand","embeddable":true,"href":"https:\/\/rdbella.fr\/index.php?rest_route=%2Fwp%2Fv2%2Fproduct_brand&post=6550"},{"taxonomy":"product_cat","embeddable":true,"href":"https:\/\/rdbella.fr\/index.php?rest_route=%2Fwp%2Fv2%2Fproduct_cat&post=6550"},{"taxonomy":"product_tag","embeddable":true,"href":"https:\/\/rdbella.fr\/index.php?rest_route=%2Fwp%2Fv2%2Fproduct_tag&post=6550"}],"curies":[{"name":"wp","href":"https:\/\/api.w.org\/{rel}","templated":true}]}}