{"id":6643,"date":"2023-03-16T18:13:27","date_gmt":"2023-03-16T18:13:27","guid":{"rendered":"https:\/\/rdbella.fr\/?post_type=product&#038;p=6643"},"modified":"2025-10-01T11:45:27","modified_gmt":"2025-10-01T11:45:27","slug":"robe-street-beige","status":"publish","type":"product","link":"https:\/\/rdbella.fr\/?product=robe-street-beige","title":{"rendered":"Robe street Beige"},"content":{"rendered":"<p>La robe model street qui est tr\u00e8s class port\u00e9 , trop \u00e9t\u00e9 , qui ira avec toutes les morphologies de la femmes , gr\u00e2ce \u00e0 leurs d\u00e9coupe<\/p>\n<ul>\n<li>\u00a0<strong>Couleur : beige &amp; blanc\u00a0<\/strong><\/li>\n<li><strong>Taille : Standard\u00a0<\/strong><\/li>\n<li><strong>mannequin:<\/strong>\u00a0avec foulard 1m70 taille 42 &amp; sans foulard 1m70 taille 36<\/li>\n<\/ul>\n<p>&nbsp;<\/p>\n","protected":false},"excerpt":{"rendered":"<p>La robe model street qui est tr\u00e8s class port\u00e9 , trop \u00e9t\u00e9 , qui ira avec toutes les morphologies de la femmes , gr\u00e2ce \u00e0 leurs d\u00e9coupe \u00a0Couleur : beige &amp; blanc\u00a0 Taille : Standard\u00a0 mannequin:\u00a0avec foulard 1m70 taille 42 &amp; sans foulard 1m70 taille 36 &nbsp;<\/p>\n","protected":false},"featured_media":6653,"comment_status":"open","ping_status":"closed","template":"","meta":[],"product_brand":[],"product_cat":[28,65],"product_tag":[],"class_list":{"0":"post-6643","1":"product","2":"type-product","3":"status-publish","4":"has-post-thumbnail","6":"product_cat-pre-a-porter","7":"product_cat-robe","9":"first","10":"outofstock","11":"shipping-taxable","12":"purchasable","13":"product-type-simple"},"jetpack_sharing_enabled":true,"_links":{"self":[{"href":"https:\/\/rdbella.fr\/index.php?rest_route=\/wp\/v2\/product\/6643","targetHints":{"allow":["GET"]}}],"collection":[{"href":"https:\/\/rdbella.fr\/index.php?rest_route=\/wp\/v2\/product"}],"about":[{"href":"https:\/\/rdbella.fr\/index.php?rest_route=\/wp\/v2\/types\/product"}],"replies":[{"embeddable":true,"href":"https:\/\/rdbella.fr\/index.php?rest_route=%2Fwp%2Fv2%2Fcomments&post=6643"}],"wp:featuredmedia":[{"embeddable":true,"href":"https:\/\/rdbella.fr\/index.php?rest_route=\/wp\/v2\/media\/6653"}],"wp:attachment":[{"href":"https:\/\/rdbella.fr\/index.php?rest_route=%2Fwp%2Fv2%2Fmedia&parent=6643"}],"wp:term":[{"taxonomy":"product_brand","embeddable":true,"href":"https:\/\/rdbella.fr\/index.php?rest_route=%2Fwp%2Fv2%2Fproduct_brand&post=6643"},{"taxonomy":"product_cat","embeddable":true,"href":"https:\/\/rdbella.fr\/index.php?rest_route=%2Fwp%2Fv2%2Fproduct_cat&post=6643"},{"taxonomy":"product_tag","embeddable":true,"href":"https:\/\/rdbella.fr\/index.php?rest_route=%2Fwp%2Fv2%2Fproduct_tag&post=6643"}],"curies":[{"name":"wp","href":"https:\/\/api.w.org\/{rel}","templated":true}]}}