{"id":7136,"date":"2023-06-04T16:47:55","date_gmt":"2023-06-04T16:47:55","guid":{"rendered":"https:\/\/rdbella.fr\/?post_type=product&#038;p=7136"},"modified":"2023-06-04T19:34:50","modified_gmt":"2023-06-04T19:34:50","slug":"burkini-aqua-deph-en-bordeaux","status":"publish","type":"product","link":"https:\/\/rdbella.fr\/?product=burkini-aqua-deph-en-bordeaux","title":{"rendered":"Burkini Aqua D\u2019eph en Bordeaux"},"content":{"rendered":"<ul>\n<li>burkini compose de trois pi\u00e8ce<\/li>\n<\/ul>\n<ol>\n<li><strong>Tunique longue coup\u00e9e \u00e0 la taille , une fermeture \u00e0 l&rsquo;avant facilite l&rsquo;habillage et le d\u00e9shabillage , pratique pour les femmes qui allaitent (\u064a\u0633\u0627\u0639\u062f \u0627\u0644\u0645\u0631\u0623\u0629 \u0627\u0644\u0645\u0631\u0636\u0639\u0629 )<\/strong><strong>\u00a0,un d\u00e9tail en plus \u00a0sur l\u2019\u00e9paule qui\u00a0fait la diff\u00e9rence et qui donne \u00e0 nos produits ce charme incomparable.<\/strong><\/li>\n<li><strong>un collon taille haute tr\u00e8s alaise qui cache bien la taille (\u062a\u0633\u0628\u062d\u064a\u0646 \u0628\u0647 \u0628\u0643\u0644 \u0627\u0631\u064a\u062d\u064a\u0629 )<\/strong><\/li>\n<li><strong>un bonnet bien serr\u00e9 qui ne tombe pas.<br \/>\n<\/strong><\/li>\n<\/ol>\n<p><strong><em>Un Tapis de plage offert \ud83c\udf81\ud83c\udf81\u00a0avec chaque burkini acheter chez BellaRD <\/em><\/strong><\/p>\n<p><strong>\u00a0 \u00a0 \u00a0 \u00a0 Couleur : vert Kaki , Noir , bordeau , vieux aubergine<\/strong><\/p>\n<p>mannequin taille 40 42 1m70 ( porte taille 1)<\/p>\n<p>&nbsp;<\/p>\n","protected":false},"excerpt":{"rendered":"<p>burkini compose de trois pi\u00e8ce Tunique longue coup\u00e9e \u00e0 la taille , une fermeture \u00e0 l&rsquo;avant facilite l&rsquo;habillage et le d\u00e9shabillage , pratique pour les femmes qui allaitent (\u064a\u0633\u0627\u0639\u062f \u0627\u0644\u0645\u0631\u0623\u0629 \u0627\u0644\u0645\u0631\u0636\u0639\u0629 )\u00a0,un d\u00e9tail en plus \u00a0sur l\u2019\u00e9paule qui\u00a0fait la diff\u00e9rence et qui donne \u00e0 nos produits ce charme incomparable. un collon taille haute tr\u00e8s alaise [&#8230;]\n","protected":false},"featured_media":7137,"comment_status":"open","ping_status":"closed","template":"","meta":[],"product_brand":[],"product_cat":[56],"product_tag":[],"class_list":{"0":"post-7136","1":"product","2":"type-product","3":"status-publish","4":"has-post-thumbnail","6":"product_cat-burkini","8":"first","9":"instock","10":"shipping-taxable","11":"purchasable","12":"product-type-variable"},"jetpack_sharing_enabled":true,"_links":{"self":[{"href":"https:\/\/rdbella.fr\/index.php?rest_route=\/wp\/v2\/product\/7136","targetHints":{"allow":["GET"]}}],"collection":[{"href":"https:\/\/rdbella.fr\/index.php?rest_route=\/wp\/v2\/product"}],"about":[{"href":"https:\/\/rdbella.fr\/index.php?rest_route=\/wp\/v2\/types\/product"}],"replies":[{"embeddable":true,"href":"https:\/\/rdbella.fr\/index.php?rest_route=%2Fwp%2Fv2%2Fcomments&post=7136"}],"wp:featuredmedia":[{"embeddable":true,"href":"https:\/\/rdbella.fr\/index.php?rest_route=\/wp\/v2\/media\/7137"}],"wp:attachment":[{"href":"https:\/\/rdbella.fr\/index.php?rest_route=%2Fwp%2Fv2%2Fmedia&parent=7136"}],"wp:term":[{"taxonomy":"product_brand","embeddable":true,"href":"https:\/\/rdbella.fr\/index.php?rest_route=%2Fwp%2Fv2%2Fproduct_brand&post=7136"},{"taxonomy":"product_cat","embeddable":true,"href":"https:\/\/rdbella.fr\/index.php?rest_route=%2Fwp%2Fv2%2Fproduct_cat&post=7136"},{"taxonomy":"product_tag","embeddable":true,"href":"https:\/\/rdbella.fr\/index.php?rest_route=%2Fwp%2Fv2%2Fproduct_tag&post=7136"}],"curies":[{"name":"wp","href":"https:\/\/api.w.org\/{rel}","templated":true}]}}