{"id":7210,"date":"2023-06-04T19:02:08","date_gmt":"2023-06-04T19:02:08","guid":{"rendered":"https:\/\/rdbella.fr\/?post_type=product&#038;p=7210"},"modified":"2023-06-14T21:13:50","modified_gmt":"2023-06-14T21:13:50","slug":"burkini-aqua-en-noir","status":"publish","type":"product","link":"https:\/\/rdbella.fr\/?product=burkini-aqua-en-noir","title":{"rendered":"Burkini Aqua en Noir"},"content":{"rendered":"<p style=\"text-align: center;\"><strong>Burkini aqua<\/strong><br \/>\nTissu 100% malliot 0 % cotton<br \/>\nQui s\u2019\u00e9chappe rapidement l\u00e9ger et surtout fluide et brillant<br \/>\ncompose de trois pieces :<\/p>\n<p style=\"text-align: center;\">Tunique avec une fermeture \u00e9clair au niveau de pointure ,la fermeture de tr\u00e8s bon qualit\u00e9 inoxydable ( \u063a\u064a\u0631 \u0642\u0627\u0628\u0644\u0629 \u0644\u0644\u0635\u062f\u0623 ) \u062a\u0648\u0627\u0644\u0645 \u0644\u0644\u0645\u0631\u0623\u0629 \u0627\u0644\u0645\u0631\u0636\u0639\u0629 \ud83e\udd31,facile a habiller et d\u00e9shabiller..<br \/>\nLa tunique contient aussi des magnifiques d\u00e9tails au niveau de taille et l\u2019\u00e9paule \u00e7a l\u2019a redu plus beau et unique<\/p>\n<p style=\"text-align: center;\"><strong>Collon<\/strong> tissu maillot \u00a0avec \u00e9lastique au niveau de taille,taille haute<br \/>\n<strong>Un foulard<\/strong> pour les femmes qui aiment cacher le coup ( dimensions 120\/70 )<\/p>\n<p style=\"text-align: center;\">\u00a0 \u00a0 \u00a0 \u00a0 \u00a0 <strong>Couleur<\/strong> : Noir , marron chocolat , brique , aubergine<\/p>\n<p style=\"text-align: center;\">mannequin : taille 40 42 porte taille 1 ( 1m70 )<\/p>\n<p style=\"text-align: center;\">\n","protected":false},"excerpt":{"rendered":"<p>Burkini aqua Tissu 100% malliot 0 % cotton Qui s\u2019\u00e9chappe rapidement l\u00e9ger et surtout fluide et brillant compose de trois pieces : Tunique avec une fermeture \u00e9clair au niveau de pointure ,la fermeture de tr\u00e8s bon qualit\u00e9 inoxydable ( \u063a\u064a\u0631 \u0642\u0627\u0628\u0644\u0629 \u0644\u0644\u0635\u062f\u0623 ) \u062a\u0648\u0627\u0644\u0645 \u0644\u0644\u0645\u0631\u0623\u0629 \u0627\u0644\u0645\u0631\u0636\u0639\u0629 \ud83e\udd31,facile a habiller et d\u00e9shabiller.. La tunique contient aussi [&#8230;]\n","protected":false},"featured_media":7211,"comment_status":"open","ping_status":"closed","template":"","meta":[],"product_brand":[],"product_cat":[56],"product_tag":[],"class_list":{"0":"post-7210","1":"product","2":"type-product","3":"status-publish","4":"has-post-thumbnail","6":"product_cat-burkini","8":"first","9":"instock","10":"shipping-taxable","11":"purchasable","12":"product-type-variable"},"jetpack_sharing_enabled":true,"_links":{"self":[{"href":"https:\/\/rdbella.fr\/index.php?rest_route=\/wp\/v2\/product\/7210","targetHints":{"allow":["GET"]}}],"collection":[{"href":"https:\/\/rdbella.fr\/index.php?rest_route=\/wp\/v2\/product"}],"about":[{"href":"https:\/\/rdbella.fr\/index.php?rest_route=\/wp\/v2\/types\/product"}],"replies":[{"embeddable":true,"href":"https:\/\/rdbella.fr\/index.php?rest_route=%2Fwp%2Fv2%2Fcomments&post=7210"}],"wp:featuredmedia":[{"embeddable":true,"href":"https:\/\/rdbella.fr\/index.php?rest_route=\/wp\/v2\/media\/7211"}],"wp:attachment":[{"href":"https:\/\/rdbella.fr\/index.php?rest_route=%2Fwp%2Fv2%2Fmedia&parent=7210"}],"wp:term":[{"taxonomy":"product_brand","embeddable":true,"href":"https:\/\/rdbella.fr\/index.php?rest_route=%2Fwp%2Fv2%2Fproduct_brand&post=7210"},{"taxonomy":"product_cat","embeddable":true,"href":"https:\/\/rdbella.fr\/index.php?rest_route=%2Fwp%2Fv2%2Fproduct_cat&post=7210"},{"taxonomy":"product_tag","embeddable":true,"href":"https:\/\/rdbella.fr\/index.php?rest_route=%2Fwp%2Fv2%2Fproduct_tag&post=7210"}],"curies":[{"name":"wp","href":"https:\/\/api.w.org\/{rel}","templated":true}]}}