{"id":8327,"date":"2023-10-22T16:35:36","date_gmt":"2023-10-22T16:35:36","guid":{"rendered":"https:\/\/rdbella.fr\/?post_type=product&#038;p=8327"},"modified":"2023-12-28T11:49:19","modified_gmt":"2023-12-28T11:49:19","slug":"ensemble-accareau-brique","status":"publish","type":"product","link":"https:\/\/rdbella.fr\/?product=ensemble-accareau-brique","title":{"rendered":"Ensemble accareau Brique"},"content":{"rendered":"<p>accareaux noir&amp;gris<br \/>\nUn ensemble compose de<br \/>\n\ud83d\udccctunique basic , calsse , mastoura surtout ..avec un d\u00e9tail de melege d\u2019un deux tissu accareaux et uni qui rendrera unique<br \/>\n\ud83d\udcccpantalon \u00a0: accareaux classique d\u00e9contract\u00e9 qui peux mettre avec des basquette ( comme la photo ) ou avec des chaussures classiques , ajustable , avec un \u00e9lastique au niveau de la taille<\/p>\n<p>Un ensemble id\u00e9al pour vos sorties quotidien , par exemple; la fac , le travail , \u2026<\/p>\n<p>Tissu : sp\u00e9cial hiver<\/p>\n<p>Mannequin : 1m70 taille 40 42 porte taille 1<\/p>\n","protected":false},"excerpt":{"rendered":"<p>accareaux noir&amp;gris Un ensemble compose de \ud83d\udccctunique basic , calsse , mastoura surtout ..avec un d\u00e9tail de melege d\u2019un deux tissu accareaux et uni qui rendrera unique \ud83d\udcccpantalon \u00a0: accareaux classique d\u00e9contract\u00e9 qui peux mettre avec des basquette ( comme la photo ) ou avec des chaussures classiques , ajustable , avec un \u00e9lastique au [&#8230;]\n","protected":false},"featured_media":8329,"comment_status":"open","ping_status":"closed","template":"","meta":[],"product_brand":[],"product_cat":[108,28],"product_tag":[],"class_list":{"0":"post-8327","1":"product","2":"type-product","3":"status-publish","4":"has-post-thumbnail","6":"product_cat-ensemble","7":"product_cat-pre-a-porter","9":"first","10":"instock","11":"sale","12":"shipping-taxable","13":"purchasable","14":"product-type-variable"},"jetpack_sharing_enabled":true,"_links":{"self":[{"href":"https:\/\/rdbella.fr\/index.php?rest_route=\/wp\/v2\/product\/8327","targetHints":{"allow":["GET"]}}],"collection":[{"href":"https:\/\/rdbella.fr\/index.php?rest_route=\/wp\/v2\/product"}],"about":[{"href":"https:\/\/rdbella.fr\/index.php?rest_route=\/wp\/v2\/types\/product"}],"replies":[{"embeddable":true,"href":"https:\/\/rdbella.fr\/index.php?rest_route=%2Fwp%2Fv2%2Fcomments&post=8327"}],"wp:featuredmedia":[{"embeddable":true,"href":"https:\/\/rdbella.fr\/index.php?rest_route=\/wp\/v2\/media\/8329"}],"wp:attachment":[{"href":"https:\/\/rdbella.fr\/index.php?rest_route=%2Fwp%2Fv2%2Fmedia&parent=8327"}],"wp:term":[{"taxonomy":"product_brand","embeddable":true,"href":"https:\/\/rdbella.fr\/index.php?rest_route=%2Fwp%2Fv2%2Fproduct_brand&post=8327"},{"taxonomy":"product_cat","embeddable":true,"href":"https:\/\/rdbella.fr\/index.php?rest_route=%2Fwp%2Fv2%2Fproduct_cat&post=8327"},{"taxonomy":"product_tag","embeddable":true,"href":"https:\/\/rdbella.fr\/index.php?rest_route=%2Fwp%2Fv2%2Fproduct_tag&post=8327"}],"curies":[{"name":"wp","href":"https:\/\/api.w.org\/{rel}","templated":true}]}}