{"id":8464,"date":"2023-11-02T18:12:21","date_gmt":"2023-11-02T18:12:21","guid":{"rendered":"https:\/\/rdbella.fr\/?post_type=product&#038;p=8464"},"modified":"2023-12-28T11:48:20","modified_gmt":"2023-12-28T11:48:20","slug":"pull-boutonne-en-blanc-casse","status":"publish","type":"product","link":"https:\/\/rdbella.fr\/?product=pull-boutonne-en-blanc-casse","title":{"rendered":"Pull Boutonn\u00e9 en Blanc cass\u00e9"},"content":{"rendered":"<p>Pull col roul\u00e9 basic long , Tissu doux , Finitions c\u00f4tel\u00e9es \u2028Boutonnage sur le c\u00f4t\u00e9<br \/>\nmannequin 1m70 taille 40 42<br \/>\ndisponible en Noir , Bleu nuit , Beige , Blanc cass\u00e9 . Aubergine en maille<\/p>\n","protected":false},"excerpt":{"rendered":"<p>Pull col roul\u00e9 basic long , Tissu doux , Finitions c\u00f4tel\u00e9es \u2028Boutonnage sur le c\u00f4t\u00e9 mannequin 1m70 taille 40 42 disponible en Noir , Bleu nuit , Beige , Blanc cass\u00e9 . Aubergine en maille<\/p>\n","protected":false},"featured_media":8626,"comment_status":"open","ping_status":"closed","template":"","meta":[],"product_brand":[],"product_cat":[28,63],"product_tag":[],"class_list":{"0":"post-8464","1":"product","2":"type-product","3":"status-publish","4":"has-post-thumbnail","6":"product_cat-pre-a-porter","7":"product_cat-pull","9":"first","10":"instock","11":"sale","12":"shipping-taxable","13":"purchasable","14":"product-type-simple"},"jetpack_sharing_enabled":true,"_links":{"self":[{"href":"https:\/\/rdbella.fr\/index.php?rest_route=\/wp\/v2\/product\/8464","targetHints":{"allow":["GET"]}}],"collection":[{"href":"https:\/\/rdbella.fr\/index.php?rest_route=\/wp\/v2\/product"}],"about":[{"href":"https:\/\/rdbella.fr\/index.php?rest_route=\/wp\/v2\/types\/product"}],"replies":[{"embeddable":true,"href":"https:\/\/rdbella.fr\/index.php?rest_route=%2Fwp%2Fv2%2Fcomments&post=8464"}],"wp:featuredmedia":[{"embeddable":true,"href":"https:\/\/rdbella.fr\/index.php?rest_route=\/wp\/v2\/media\/8626"}],"wp:attachment":[{"href":"https:\/\/rdbella.fr\/index.php?rest_route=%2Fwp%2Fv2%2Fmedia&parent=8464"}],"wp:term":[{"taxonomy":"product_brand","embeddable":true,"href":"https:\/\/rdbella.fr\/index.php?rest_route=%2Fwp%2Fv2%2Fproduct_brand&post=8464"},{"taxonomy":"product_cat","embeddable":true,"href":"https:\/\/rdbella.fr\/index.php?rest_route=%2Fwp%2Fv2%2Fproduct_cat&post=8464"},{"taxonomy":"product_tag","embeddable":true,"href":"https:\/\/rdbella.fr\/index.php?rest_route=%2Fwp%2Fv2%2Fproduct_tag&post=8464"}],"curies":[{"name":"wp","href":"https:\/\/api.w.org\/{rel}","templated":true}]}}